Last updated on 2022-04-24 03:52:41 CEST.
Flavor | Version | Tinstall | Tcheck | Ttotal | Status | Flags |
---|---|---|---|---|---|---|
r-devel-linux-x86_64-debian-clang | 1.1.9 | 8.71 | 52.68 | 61.39 | NOTE | |
r-devel-linux-x86_64-debian-gcc | 1.1.9 | 6.82 | 40.82 | 47.64 | NOTE | |
r-devel-linux-x86_64-fedora-clang | 1.1.9 | 74.96 | NOTE | |||
r-devel-linux-x86_64-fedora-gcc | 1.1.9 | 62.62 | NOTE | |||
r-patched-linux-x86_64 | 1.1.9 | 12.92 | 51.86 | 64.78 | NOTE | |
r-release-linux-x86_64 | 1.1.9 | 7.88 | 49.63 | 57.51 | NOTE | |
r-release-macos-arm64 | 1.1.9 | NOTE | ||||
r-release-macos-x86_64 | 1.1.9 | NOTE | ||||
r-release-windows-x86_64 | 1.1.9 | 38.00 | 71.00 | 109.00 | NOTE | |
r-oldrel-macos-arm64 | 1.1.9 | NOTE | ||||
r-oldrel-macos-x86_64 | 1.1.9 | NOTE | ||||
r-oldrel-windows-ix86+x86_64 | 1.1.9 | 19.00 | 64.00 | 83.00 | NOTE |
Version: 1.1.9
Check: LazyData
Result: NOTE
'LazyData' is specified without a 'data' directory
Flavors: r-devel-linux-x86_64-debian-clang, r-devel-linux-x86_64-debian-gcc, r-devel-linux-x86_64-fedora-clang, r-devel-linux-x86_64-fedora-gcc, r-patched-linux-x86_64, r-release-linux-x86_64, r-release-macos-arm64, r-release-macos-x86_64, r-release-windows-x86_64, r-oldrel-macos-arm64, r-oldrel-macos-x86_64, r-oldrel-windows-ix86+x86_64