Last updated on 2022-04-24 03:52:41 CEST.
Flavor | Version | Tinstall | Tcheck | Ttotal | Status | Flags |
---|---|---|---|---|---|---|
r-devel-linux-x86_64-debian-clang | 0.1.1 | 2.08 | 36.27 | 38.35 | NOTE | |
r-devel-linux-x86_64-debian-gcc | 0.1.1 | 2.00 | 28.62 | 30.62 | NOTE | |
r-devel-linux-x86_64-fedora-clang | 0.1.1 | 47.04 | NOTE | |||
r-devel-linux-x86_64-fedora-gcc | 0.1.1 | 35.62 | NOTE | |||
r-patched-linux-x86_64 | 0.1.1 | 2.15 | 34.97 | 37.12 | NOTE | |
r-release-linux-x86_64 | 0.1.1 | 2.02 | 34.06 | 36.08 | NOTE | |
r-release-macos-arm64 | 0.1.1 | NOTE | ||||
r-release-macos-x86_64 | 0.1.1 | NOTE | ||||
r-release-windows-x86_64 | 0.1.1 | 23.00 | 58.00 | 81.00 | NOTE | |
r-oldrel-macos-arm64 | 0.1.1 | NOTE | ||||
r-oldrel-macos-x86_64 | 0.1.1 | NOTE | ||||
r-oldrel-windows-ix86+x86_64 | 0.1.1 | 7.00 | 45.00 | 52.00 | NOTE |
Version: 0.1.1
Check: LazyData
Result: NOTE
'LazyData' is specified without a 'data' directory
Flavors: r-devel-linux-x86_64-debian-clang, r-devel-linux-x86_64-debian-gcc, r-devel-linux-x86_64-fedora-clang, r-devel-linux-x86_64-fedora-gcc, r-patched-linux-x86_64, r-release-linux-x86_64, r-release-macos-arm64, r-release-macos-x86_64, r-release-windows-x86_64, r-oldrel-macos-arm64, r-oldrel-macos-x86_64, r-oldrel-windows-ix86+x86_64