Last updated on 2022-04-24 03:52:41 CEST.
Flavor | Version | Tinstall | Tcheck | Ttotal | Status | Flags |
---|---|---|---|---|---|---|
r-devel-linux-x86_64-debian-clang | 0.2.1 | 10.48 | 75.63 | 86.11 | OK | |
r-devel-linux-x86_64-debian-gcc | 0.2.1 | 9.50 | 56.41 | 65.91 | OK | |
r-devel-linux-x86_64-fedora-clang | 0.2.1 | 103.17 | NOTE | |||
r-devel-linux-x86_64-fedora-gcc | 0.2.1 | 90.46 | NOTE | |||
r-patched-linux-x86_64 | 0.2.1 | 9.93 | 71.14 | 81.07 | OK | |
r-release-linux-x86_64 | 0.2.1 | 10.42 | 67.76 | 78.18 | OK | |
r-release-macos-arm64 | 0.2.1 | NOTE | ||||
r-release-macos-x86_64 | 0.2.1 | NOTE | ||||
r-release-windows-x86_64 | 0.2.1 | 21.00 | 94.00 | 115.00 | OK | |
r-oldrel-macos-arm64 | 0.2.1 | NOTE | ||||
r-oldrel-macos-x86_64 | 0.2.1 | NOTE | ||||
r-oldrel-windows-ix86+x86_64 | 0.2.1 | 21.00 | 82.00 | 103.00 | OK |
Version: 0.2.1
Check: data for non-ASCII characters
Result: NOTE
Note: found 9 marked UTF-8 strings
Flavors: r-devel-linux-x86_64-fedora-clang, r-devel-linux-x86_64-fedora-gcc, r-release-macos-arm64, r-release-macos-x86_64, r-oldrel-macos-arm64, r-oldrel-macos-x86_64