Last updated on 2022-04-24 03:52:41 CEST.
Flavor | Version | Tinstall | Tcheck | Ttotal | Status | Flags |
---|---|---|---|---|---|---|
r-devel-linux-x86_64-debian-clang | 0.3.8 | 15.01 | 238.11 | 253.12 | NOTE | |
r-devel-linux-x86_64-debian-gcc | 0.3.8 | 11.71 | 171.99 | 183.70 | NOTE | |
r-devel-linux-x86_64-fedora-clang | 0.3.8 | 298.12 | NOTE | |||
r-devel-linux-x86_64-fedora-gcc | 0.3.8 | 283.09 | NOTE | |||
r-patched-linux-x86_64 | 0.3.8 | 10.20 | 226.88 | 237.08 | NOTE | |
r-release-linux-x86_64 | 0.3.8 | 10.16 | 215.34 | 225.50 | NOTE | |
r-release-macos-arm64 | 0.3.8 | NOTE | ||||
r-release-macos-x86_64 | 0.3.8 | NOTE | ||||
r-release-windows-x86_64 | 0.3.8 | 31.00 | 256.00 | 287.00 | NOTE | |
r-oldrel-macos-arm64 | 0.3.8 | NOTE | ||||
r-oldrel-macos-x86_64 | 0.3.8 | NOTE | ||||
r-oldrel-windows-ix86+x86_64 | 0.3.8 | 33.00 | 251.00 | 284.00 | NOTE |
Version: 0.3.8
Check: package dependencies
Result: NOTE
Package which this enhances but not available for checking: 'sl3'
Flavors: r-devel-linux-x86_64-debian-clang, r-devel-linux-x86_64-debian-gcc, r-devel-linux-x86_64-fedora-clang, r-devel-linux-x86_64-fedora-gcc, r-patched-linux-x86_64, r-release-linux-x86_64, r-release-macos-arm64, r-release-macos-x86_64, r-release-windows-x86_64, r-oldrel-macos-arm64, r-oldrel-macos-x86_64, r-oldrel-windows-ix86+x86_64