Last updated on 2022-04-24 03:52:41 CEST.
Flavor | Version | Tinstall | Tcheck | Ttotal | Status | Flags |
---|---|---|---|---|---|---|
r-devel-linux-x86_64-debian-clang | 0.0.1 | 3.04 | 40.01 | 43.05 | NOTE | |
r-devel-linux-x86_64-debian-gcc | 0.0.1 | 2.35 | 30.57 | 32.92 | NOTE | |
r-devel-linux-x86_64-fedora-clang | 0.0.1 | 51.12 | NOTE | |||
r-devel-linux-x86_64-fedora-gcc | 0.0.1 | 40.81 | NOTE | |||
r-patched-linux-x86_64 | 0.0.1 | 2.95 | 37.58 | 40.53 | NOTE | |
r-release-linux-x86_64 | 0.0.1 | 2.61 | 36.97 | 39.58 | NOTE | |
r-release-macos-arm64 | 0.0.1 | NOTE | ||||
r-release-macos-x86_64 | 0.0.1 | NOTE | ||||
r-release-windows-x86_64 | 0.0.1 | 13.00 | 55.00 | 68.00 | NOTE | |
r-oldrel-macos-arm64 | 0.0.1 | NOTE | ||||
r-oldrel-macos-x86_64 | 0.0.1 | NOTE | ||||
r-oldrel-windows-ix86+x86_64 | 0.0.1 | 6.00 | 46.00 | 52.00 | NOTE |
Version: 0.0.1
Check: LazyData
Result: NOTE
'LazyData' is specified without a 'data' directory
Flavors: r-devel-linux-x86_64-debian-clang, r-devel-linux-x86_64-debian-gcc, r-devel-linux-x86_64-fedora-clang, r-devel-linux-x86_64-fedora-gcc, r-patched-linux-x86_64, r-release-linux-x86_64, r-release-macos-arm64, r-release-macos-x86_64, r-release-windows-x86_64, r-oldrel-macos-arm64, r-oldrel-macos-x86_64, r-oldrel-windows-ix86+x86_64