Last updated on 2022-04-24 03:52:41 CEST.
Flavor | Version | Tinstall | Tcheck | Ttotal | Status | Flags |
---|---|---|---|---|---|---|
r-devel-linux-x86_64-debian-clang | 0.2.0 | 8.43 | 82.17 | 90.60 | NOTE | |
r-devel-linux-x86_64-debian-gcc | 0.2.0 | 6.64 | 60.40 | 67.04 | NOTE | |
r-devel-linux-x86_64-fedora-clang | 0.2.0 | 107.93 | NOTE | |||
r-devel-linux-x86_64-fedora-gcc | 0.2.0 | 99.62 | NOTE | |||
r-patched-linux-x86_64 | 0.2.0 | 6.77 | 74.97 | 81.74 | NOTE | |
r-release-linux-x86_64 | 0.2.0 | 7.45 | 71.86 | 79.31 | NOTE | |
r-release-macos-arm64 | 0.2.0 | NOTE | ||||
r-release-macos-x86_64 | 0.2.0 | NOTE | ||||
r-release-windows-x86_64 | 0.2.0 | 37.00 | 95.00 | 132.00 | NOTE | |
r-oldrel-macos-arm64 | 0.2.0 | NOTE | ||||
r-oldrel-macos-x86_64 | 0.2.0 | NOTE | ||||
r-oldrel-windows-ix86+x86_64 | 0.2.0 | 20.00 | 86.00 | 106.00 | NOTE |
Version: 0.2.0
Check: LazyData
Result: NOTE
'LazyData' is specified without a 'data' directory
Flavors: r-devel-linux-x86_64-debian-clang, r-devel-linux-x86_64-debian-gcc, r-devel-linux-x86_64-fedora-clang, r-devel-linux-x86_64-fedora-gcc, r-patched-linux-x86_64, r-release-linux-x86_64, r-release-macos-arm64, r-release-macos-x86_64, r-release-windows-x86_64, r-oldrel-macos-arm64, r-oldrel-macos-x86_64, r-oldrel-windows-ix86+x86_64