Last updated on 2022-04-24 03:52:41 CEST.
Flavor | Version | Tinstall | Tcheck | Ttotal | Status | Flags |
---|---|---|---|---|---|---|
r-devel-linux-x86_64-debian-clang | 0.5.7 | 13.28 | 148.51 | 161.79 | NOTE | |
r-devel-linux-x86_64-debian-gcc | 0.5.7 | 10.81 | 108.98 | 119.79 | NOTE | |
r-devel-linux-x86_64-fedora-clang | 0.5.7 | 197.07 | NOTE | |||
r-devel-linux-x86_64-fedora-gcc | 0.5.7 | 163.37 | NOTE | |||
r-patched-linux-x86_64 | 0.5.7 | 11.17 | 136.26 | 147.43 | NOTE | |
r-release-linux-x86_64 | 0.5.7 | 8.79 | 129.94 | 138.73 | NOTE | |
r-release-macos-arm64 | 0.5.7 | NOTE | ||||
r-release-macos-x86_64 | 0.5.7 | NOTE | ||||
r-release-windows-x86_64 | 0.5.7 | 101.00 | 171.00 | 272.00 | NOTE | |
r-oldrel-macos-arm64 | 0.5.7 | NOTE | ||||
r-oldrel-macos-x86_64 | 0.5.7 | NOTE | ||||
r-oldrel-windows-ix86+x86_64 | 0.5.7 | 35.00 | 153.00 | 188.00 | NOTE |
Version: 0.5.7
Check: LazyData
Result: NOTE
'LazyData' is specified without a 'data' directory
Flavors: r-devel-linux-x86_64-debian-clang, r-devel-linux-x86_64-debian-gcc, r-devel-linux-x86_64-fedora-clang, r-devel-linux-x86_64-fedora-gcc, r-patched-linux-x86_64, r-release-linux-x86_64, r-release-macos-arm64, r-release-macos-x86_64, r-release-windows-x86_64, r-oldrel-macos-arm64, r-oldrel-macos-x86_64, r-oldrel-windows-ix86+x86_64
Version: 0.5.7
Check: dependencies in R code
Result: NOTE
Namespace in Imports field not imported from: ‘rlang’
All declared Imports should be used.
Flavors: r-devel-linux-x86_64-fedora-clang, r-devel-linux-x86_64-fedora-gcc, r-release-macos-arm64, r-release-macos-x86_64, r-oldrel-macos-arm64, r-oldrel-macos-x86_64