Last updated on 2022-04-24 03:52:41 CEST.
Flavor | Version | Tinstall | Tcheck | Ttotal | Status | Flags |
---|---|---|---|---|---|---|
r-devel-linux-x86_64-debian-clang | 1.1.0 | 527.34 | 487.89 | 1015.23 | WARN | |
r-devel-linux-x86_64-debian-gcc | 1.1.0 | 430.41 | 366.26 | 796.67 | NOTE | |
r-devel-linux-x86_64-fedora-clang | 1.1.0 | 1373.81 | WARN | |||
r-devel-linux-x86_64-fedora-gcc | 1.1.0 | 3.10 | ERROR | |||
r-patched-linux-x86_64 | 1.1.0 | 479.12 | 473.36 | 952.48 | NOTE | |
r-release-linux-x86_64 | 1.1.0 | 450.37 | 434.45 | 884.82 | NOTE | |
r-release-macos-arm64 | 1.1.0 | NOTE | ||||
r-release-macos-x86_64 | 1.1.0 | NOTE | ||||
r-release-windows-x86_64 | 1.1.0 | 387.00 | 516.00 | 903.00 | NOTE | |
r-oldrel-macos-arm64 | 1.1.0 | NOTE | ||||
r-oldrel-macos-x86_64 | 1.1.0 | NOTE | ||||
r-oldrel-windows-ix86+x86_64 | 1.1.0 | 1052.00 | 663.00 | 1715.00 | NOTE |
Version: 1.1.0
Check: whether package can be installed
Result: WARN
Found the following significant warnings:
simz.cpp:31:14: warning: use of bitwise '|' with boolean operands [-Wbitwise-instead-of-logical]
Flavors: r-devel-linux-x86_64-debian-clang, r-devel-linux-x86_64-fedora-clang
Version: 1.1.0
Check: for GNU extensions in Makefiles
Result: NOTE
GNU make is a SystemRequirements.
Flavors: r-devel-linux-x86_64-debian-clang, r-devel-linux-x86_64-debian-gcc, r-devel-linux-x86_64-fedora-clang, r-patched-linux-x86_64, r-release-linux-x86_64, r-release-macos-arm64, r-release-macos-x86_64, r-release-windows-x86_64, r-oldrel-macos-arm64, r-oldrel-macos-x86_64, r-oldrel-windows-ix86+x86_64
Version: 1.1.0
Check: installed package size
Result: NOTE
installed size is 55.4Mb
sub-directories of 1Mb or more:
R 1.7Mb
libs 52.4Mb
Flavors: r-devel-linux-x86_64-fedora-clang, r-release-macos-arm64, r-release-macos-x86_64, r-release-windows-x86_64, r-oldrel-macos-arm64, r-oldrel-macos-x86_64, r-oldrel-windows-ix86+x86_64
Version: 1.1.0
Check: package dependencies
Result: ERROR
Package required but not available: ‘unmarked’
See section ‘The DESCRIPTION file’ in the ‘Writing R Extensions’
manual.
Flavor: r-devel-linux-x86_64-fedora-gcc