Last updated on 2022-04-24 03:52:41 CEST.
Flavor | Version | Tinstall | Tcheck | Ttotal | Status | Flags |
---|---|---|---|---|---|---|
r-devel-linux-x86_64-debian-clang | 1.0 | 2.66 | 34.22 | 36.88 | NOTE | |
r-devel-linux-x86_64-debian-gcc | 1.0 | 1.71 | 26.08 | 27.79 | NOTE | |
r-devel-linux-x86_64-fedora-clang | 1.0 | 44.43 | NOTE | |||
r-devel-linux-x86_64-fedora-gcc | 1.0 | 33.10 | NOTE | |||
r-patched-linux-x86_64 | 1.0 | 1.72 | 32.72 | 34.44 | NOTE | |
r-release-linux-x86_64 | 1.0 | 1.70 | 31.09 | 32.79 | NOTE | |
r-release-macos-arm64 | 1.0 | NOTE | ||||
r-release-macos-x86_64 | 1.0 | NOTE | ||||
r-release-windows-x86_64 | 1.0 | 34.00 | 53.00 | 87.00 | NOTE | |
r-oldrel-macos-arm64 | 1.0 | NOTE | ||||
r-oldrel-macos-x86_64 | 1.0 | NOTE | ||||
r-oldrel-windows-ix86+x86_64 | 1.0 | 5.00 | 40.00 | 45.00 | NOTE |
Version: 1.0
Check: R code for possible problems
Result: NOTE
rmd2pdf: no visible global function definition for 'tail'
rnw2pdf: no visible global function definition for 'tail'
Undefined global functions or variables:
tail
Consider adding
importFrom("utils", "tail")
to your NAMESPACE file.
Flavors: r-devel-linux-x86_64-debian-clang, r-devel-linux-x86_64-debian-gcc, r-devel-linux-x86_64-fedora-clang, r-devel-linux-x86_64-fedora-gcc, r-patched-linux-x86_64, r-release-linux-x86_64, r-release-macos-arm64, r-release-macos-x86_64, r-release-windows-x86_64, r-oldrel-macos-arm64, r-oldrel-macos-x86_64, r-oldrel-windows-ix86+x86_64
Version: 1.0
Check: LazyData
Result: NOTE
'LazyData' is specified without a 'data' directory
Flavors: r-devel-linux-x86_64-debian-clang, r-devel-linux-x86_64-debian-gcc, r-devel-linux-x86_64-fedora-clang, r-devel-linux-x86_64-fedora-gcc, r-patched-linux-x86_64, r-release-linux-x86_64, r-release-macos-arm64, r-release-macos-x86_64, r-release-windows-x86_64, r-oldrel-macos-arm64, r-oldrel-macos-x86_64, r-oldrel-windows-ix86+x86_64