Last updated on 2022-04-24 03:52:41 CEST.
Flavor | Version | Tinstall | Tcheck | Ttotal | Status | Flags |
---|---|---|---|---|---|---|
r-devel-linux-x86_64-debian-clang | 1.1.0 | 8.04 | 35.29 | 43.33 | NOTE | |
r-devel-linux-x86_64-debian-gcc | 1.1.0 | 6.66 | 27.52 | 34.18 | NOTE | |
r-devel-linux-x86_64-fedora-clang | 1.1.0 | 55.59 | NOTE | |||
r-devel-linux-x86_64-fedora-gcc | 1.1.0 | 42.04 | NOTE | |||
r-patched-linux-x86_64 | 1.1.0 | 7.16 | 33.64 | 40.80 | NOTE | |
r-release-linux-x86_64 | 1.1.0 | 5.99 | 33.33 | 39.32 | NOTE | |
r-release-macos-arm64 | 1.1.0 | NOTE | ||||
r-release-macos-x86_64 | 1.1.0 | NOTE | ||||
r-release-windows-x86_64 | 1.1.0 | 133.00 | 75.00 | 208.00 | NOTE | |
r-oldrel-macos-arm64 | 1.1.0 | NOTE | ||||
r-oldrel-macos-x86_64 | 1.1.0 | NOTE | ||||
r-oldrel-windows-ix86+x86_64 | 1.1.0 | 31.00 | 64.00 | 95.00 | NOTE |
Version: 1.1.0
Check: for GNU extensions in Makefiles
Result: NOTE
GNU make is a SystemRequirements.
Flavors: r-devel-linux-x86_64-debian-clang, r-devel-linux-x86_64-debian-gcc, r-devel-linux-x86_64-fedora-clang, r-devel-linux-x86_64-fedora-gcc, r-patched-linux-x86_64, r-release-linux-x86_64, r-release-macos-arm64, r-release-macos-x86_64, r-release-windows-x86_64, r-oldrel-macos-arm64, r-oldrel-macos-x86_64, r-oldrel-windows-ix86+x86_64