Last updated on 2022-04-24 03:52:41 CEST.
Flavor | Version | Tinstall | Tcheck | Ttotal | Status | Flags |
---|---|---|---|---|---|---|
r-devel-linux-x86_64-debian-clang | 0.1.3 | 2.05 | 32.95 | 35.00 | NOTE | |
r-devel-linux-x86_64-debian-gcc | 0.1.3 | 1.61 | 24.90 | 26.51 | NOTE | |
r-devel-linux-x86_64-fedora-clang | 0.1.3 | 41.60 | NOTE | |||
r-devel-linux-x86_64-fedora-gcc | 0.1.3 | 29.62 | NOTE | |||
r-patched-linux-x86_64 | 0.1.3 | 2.18 | 30.76 | 32.94 | NOTE | |
r-release-linux-x86_64 | 0.1.3 | 2.02 | 30.03 | 32.05 | NOTE | |
r-release-macos-arm64 | 0.1.3 | NOTE | ||||
r-release-macos-x86_64 | 0.1.3 | NOTE | ||||
r-release-windows-x86_64 | 0.1.3 | 7.00 | 48.00 | 55.00 | NOTE | |
r-oldrel-macos-arm64 | 0.1.3 | NOTE | ||||
r-oldrel-macos-x86_64 | 0.1.3 | NOTE | ||||
r-oldrel-windows-ix86+x86_64 | 0.1.3 | 5.00 | 40.00 | 45.00 | NOTE |
Version: 0.1.3
Check: LazyData
Result: NOTE
'LazyData' is specified without a 'data' directory
Flavors: r-devel-linux-x86_64-debian-clang, r-devel-linux-x86_64-debian-gcc, r-devel-linux-x86_64-fedora-clang, r-devel-linux-x86_64-fedora-gcc, r-patched-linux-x86_64, r-release-linux-x86_64, r-release-macos-arm64, r-release-macos-x86_64, r-release-windows-x86_64, r-oldrel-macos-arm64, r-oldrel-macos-x86_64, r-oldrel-windows-ix86+x86_64