Last updated on 2022-04-24 03:52:41 CEST.
Flavor | Version | Tinstall | Tcheck | Ttotal | Status | Flags |
---|---|---|---|---|---|---|
r-devel-linux-x86_64-debian-clang | 0.8.9 | 155.24 | 415.35 | 570.59 | OK | |
r-devel-linux-x86_64-debian-gcc | 0.8.9 | 138.70 | 318.75 | 457.45 | OK | |
r-devel-linux-x86_64-fedora-clang | 0.8.9 | 708.22 | NOTE | |||
r-devel-linux-x86_64-fedora-gcc | 0.8.9 | 748.16 | OK | |||
r-patched-linux-x86_64 | 0.8.9 | 142.84 | 424.82 | 567.66 | OK | |
r-release-linux-x86_64 | 0.8.9 | 149.66 | 436.41 | 586.07 | OK | |
r-release-macos-arm64 | 0.8.9 | NOTE | ||||
r-release-macos-x86_64 | 0.8.9 | NOTE | ||||
r-release-windows-x86_64 | 0.8.9 | 177.00 | 474.00 | 651.00 | NOTE | |
r-oldrel-macos-arm64 | 0.8.9 | NOTE | ||||
r-oldrel-macos-x86_64 | 0.8.9 | NOTE | ||||
r-oldrel-windows-ix86+x86_64 | 0.8.9 | 314.00 | 618.00 | 932.00 | NOTE |
Version: 0.8.9
Check: installed package size
Result: NOTE
installed size is 21.6Mb
sub-directories of 1Mb or more:
doc 1.4Mb
dummydata 1.4Mb
libs 16.9Mb
Flavors: r-devel-linux-x86_64-fedora-clang, r-release-macos-arm64, r-release-macos-x86_64, r-release-windows-x86_64, r-oldrel-macos-arm64, r-oldrel-macos-x86_64, r-oldrel-windows-ix86+x86_64