Last updated on 2022-04-24 03:52:41 CEST.
Flavor | Version | Tinstall | Tcheck | Ttotal | Status | Flags |
---|---|---|---|---|---|---|
r-devel-linux-x86_64-debian-clang | 1.4.2 | 49.57 | 133.14 | 182.71 | OK | |
r-devel-linux-x86_64-debian-gcc | 1.4.2 | 42.73 | 103.36 | 146.09 | OK | |
r-devel-linux-x86_64-fedora-clang | 1.4.2 | 0.00 | NOTE | |||
r-devel-linux-x86_64-fedora-gcc | 1.4.2 | 218.63 | OK | |||
r-patched-linux-x86_64 | 1.4.2 | 47.11 | 127.98 | 175.09 | OK | |
r-release-linux-x86_64 | 1.4.2 | 43.62 | 122.00 | 165.62 | OK | |
r-release-macos-arm64 | 1.4.2 | NOTE | ||||
r-release-macos-x86_64 | 1.4.2 | NOTE | ||||
r-release-windows-x86_64 | 1.4.2 | 69.00 | 196.00 | 265.00 | OK | |
r-oldrel-macos-arm64 | 1.4.2 | NOTE | ||||
r-oldrel-macos-x86_64 | 1.4.2 | NOTE | ||||
r-oldrel-windows-ix86+x86_64 | 1.4.2 | 113.00 | 239.00 | 352.00 | OK |
Version: 1.4.2
Check: installed package size
Result: NOTE
installed size is 14.0Mb
sub-directories of 1Mb or more:
libs 13.3Mb
Flavors: r-devel-linux-x86_64-fedora-clang, r-release-macos-arm64, r-release-macos-x86_64, r-oldrel-macos-arm64, r-oldrel-macos-x86_64