Last updated on 2022-04-24 03:52:41 CEST.
Flavor | Version | Tinstall | Tcheck | Ttotal | Status | Flags |
---|---|---|---|---|---|---|
r-devel-linux-x86_64-debian-clang | 1.5 | 8.18 | 74.98 | 83.16 | NOTE | |
r-devel-linux-x86_64-debian-gcc | 1.5 | 5.11 | 57.53 | 62.64 | NOTE | |
r-devel-linux-x86_64-fedora-clang | 1.5 | 101.55 | NOTE | |||
r-devel-linux-x86_64-fedora-gcc | 1.5 | 89.26 | NOTE | |||
r-patched-linux-x86_64 | 1.5 | 7.35 | 70.99 | 78.34 | NOTE | |
r-release-linux-x86_64 | 1.5 | 5.84 | 69.42 | 75.26 | NOTE | |
r-release-macos-arm64 | 1.5 | NOTE | ||||
r-release-macos-x86_64 | 1.5 | NOTE | ||||
r-release-windows-x86_64 | 1.5 | 30.00 | 88.00 | 118.00 | NOTE | |
r-oldrel-macos-arm64 | 1.5 | NOTE | ||||
r-oldrel-macos-x86_64 | 1.5 | NOTE | ||||
r-oldrel-windows-ix86+x86_64 | 1.5 | 16.00 | 68.00 | 84.00 | NOTE |
Version: 1.5
Check: LazyData
Result: NOTE
'LazyData' is specified without a 'data' directory
Flavors: r-devel-linux-x86_64-debian-clang, r-devel-linux-x86_64-debian-gcc, r-devel-linux-x86_64-fedora-clang, r-devel-linux-x86_64-fedora-gcc, r-patched-linux-x86_64, r-release-linux-x86_64, r-release-macos-arm64, r-release-macos-x86_64, r-release-windows-x86_64, r-oldrel-macos-arm64, r-oldrel-macos-x86_64, r-oldrel-windows-ix86+x86_64