Last updated on 2022-04-24 03:52:41 CEST.
Flavor | Version | Tinstall | Tcheck | Ttotal | Status | Flags |
---|---|---|---|---|---|---|
r-devel-linux-x86_64-debian-clang | 1.0.3 | 4.43 | 73.16 | 77.59 | NOTE | |
r-devel-linux-x86_64-debian-gcc | 1.0.3 | 3.84 | 57.80 | 61.64 | NOTE | |
r-devel-linux-x86_64-fedora-clang | 1.0.3 | 96.25 | NOTE | |||
r-devel-linux-x86_64-fedora-gcc | 1.0.3 | 86.35 | NOTE | |||
r-patched-linux-x86_64 | 1.0.3 | 4.63 | 72.42 | 77.05 | NOTE | |
r-release-linux-x86_64 | 1.0.3 | 4.36 | 68.53 | 72.89 | NOTE | |
r-release-macos-arm64 | 1.0.3 | NOTE | ||||
r-release-macos-x86_64 | 1.0.3 | NOTE | ||||
r-release-windows-x86_64 | 1.0.3 | 13.00 | 120.00 | 133.00 | NOTE | |
r-oldrel-macos-arm64 | 1.0.3 | NOTE | ||||
r-oldrel-macos-x86_64 | 1.0.3 | NOTE | ||||
r-oldrel-windows-ix86+x86_64 | 1.0.3 | 12.00 | 100.00 | 112.00 | NOTE |
Version: 1.0.3
Check: LazyData
Result: NOTE
'LazyData' is specified without a 'data' directory
Flavors: r-devel-linux-x86_64-debian-clang, r-devel-linux-x86_64-debian-gcc, r-devel-linux-x86_64-fedora-clang, r-devel-linux-x86_64-fedora-gcc, r-patched-linux-x86_64, r-release-linux-x86_64, r-release-macos-arm64, r-release-macos-x86_64, r-release-windows-x86_64, r-oldrel-macos-arm64, r-oldrel-macos-x86_64, r-oldrel-windows-ix86+x86_64