Last updated on 2022-04-24 03:52:41 CEST.
Flavor | Version | Tinstall | Tcheck | Ttotal | Status | Flags |
---|---|---|---|---|---|---|
r-devel-linux-x86_64-debian-clang | 0.2.0 | 3.09 | 40.56 | 43.65 | OK | |
r-devel-linux-x86_64-debian-gcc | 0.2.0 | 2.02 | 30.62 | 32.64 | OK | |
r-devel-linux-x86_64-fedora-clang | 0.2.0 | 52.61 | OK | |||
r-devel-linux-x86_64-fedora-gcc | 0.2.0 | 42.92 | OK | |||
r-patched-linux-x86_64 | 0.2.0 | 2.39 | 39.16 | 41.55 | OK | |
r-release-linux-x86_64 | 0.2.0 | 2.19 | 38.00 | 40.19 | OK | |
r-release-macos-arm64 | 0.2.0 | OK | ||||
r-release-macos-x86_64 | 0.2.0 | WARN | ||||
r-release-windows-x86_64 | 0.2.0 | 30.00 | 60.00 | 90.00 | OK | |
r-oldrel-macos-arm64 | 0.2.0 | OK | ||||
r-oldrel-macos-x86_64 | 0.2.0 | WARN | ||||
r-oldrel-windows-ix86+x86_64 | 0.2.0 | 7.00 | 48.00 | 55.00 | OK |
Version: 0.2.0
Check: re-building of vignette outputs
Result: WARN
Error(s) in re-building vignettes:
...
--- re-building ‘convexhull.Rmd’ using rmarkdown
Pandoc is required to build R Markdown vignettes but not available. Please make sure it is installed.
Quitting from lines 93-98 (convexhull.Rmd)
Error: processing vignette 'convexhull.Rmd' failed with diagnostics:
OpenGL is not available in this build
--- failed re-building ‘convexhull.Rmd’
SUMMARY: processing the following file failed:
‘convexhull.Rmd’
Error: Vignette re-building failed.
Execution halted
Flavors: r-release-macos-x86_64, r-oldrel-macos-x86_64