Last updated on 2022-04-24 03:52:41 CEST.
| Flavor | Version | Tinstall | Tcheck | Ttotal | Status | Flags | 
|---|---|---|---|---|---|---|
| r-devel-linux-x86_64-debian-clang | 1.1 | 2.12 | 40.16 | 42.28 | NOTE | |
| r-devel-linux-x86_64-debian-gcc | 1.1 | 1.60 | 29.90 | 31.50 | NOTE | |
| r-devel-linux-x86_64-fedora-clang | 1.1 | 49.67 | NOTE | |||
| r-devel-linux-x86_64-fedora-gcc | 1.1 | 39.13 | NOTE | |||
| r-patched-linux-x86_64 | 1.1 | 2.67 | 37.67 | 40.34 | NOTE | |
| r-release-linux-x86_64 | 1.1 | 2.48 | 37.34 | 39.82 | NOTE | |
| r-release-macos-arm64 | 1.1 | NOTE | ||||
| r-release-macos-x86_64 | 1.1 | NOTE | ||||
| r-release-windows-x86_64 | 1.1 | 10.00 | 54.00 | 64.00 | NOTE | |
| r-oldrel-macos-arm64 | 1.1 | NOTE | ||||
| r-oldrel-macos-x86_64 | 1.1 | NOTE | ||||
| r-oldrel-windows-ix86+x86_64 | 1.1 | 5.00 | 46.00 | 51.00 | NOTE | 
Version: 1.1
Check: R code for possible problems
Result: NOTE
    dudewicz.unif.test: no visible global function definition for 'runif'
    frosini.unif.test: no visible global function definition for 'runif'
    hegazy.unif.test: no visible global function definition for 'runif'
    kolmogorov.unif.test: no visible global function definition for 'runif'
    kuiper.unif.test: no visible global function definition for 'runif'
    neyman.unif.test: no visible global function definition for 'runif'
    quesenberry.unif.test: no visible global function definition for
      'runif'
    sarkadi.unif.test: no visible global function definition for 'runif'
    sherman.unif.test: no visible global function definition for 'runif'
    Undefined global functions or variables:
      runif
    Consider adding
      importFrom("stats", "runif")
    to your NAMESPACE file.
Flavors: r-devel-linux-x86_64-debian-clang, r-devel-linux-x86_64-debian-gcc, r-devel-linux-x86_64-fedora-clang, r-devel-linux-x86_64-fedora-gcc, r-patched-linux-x86_64, r-release-linux-x86_64, r-release-macos-arm64, r-release-macos-x86_64, r-release-windows-x86_64, r-oldrel-macos-arm64, r-oldrel-macos-x86_64, r-oldrel-windows-ix86+x86_64