Last updated on 2022-04-24 03:52:41 CEST.
Flavor | Version | Tinstall | Tcheck | Ttotal | Status | Flags |
---|---|---|---|---|---|---|
r-devel-linux-x86_64-debian-clang | 0.2.0 | 65.00 | 40.59 | 105.59 | OK | |
r-devel-linux-x86_64-debian-gcc | 0.2.0 | 47.81 | 30.46 | 78.27 | OK | |
r-devel-linux-x86_64-fedora-clang | 0.2.0 | 156.84 | NOTE | |||
r-devel-linux-x86_64-fedora-gcc | 0.2.0 | 119.63 | NOTE | |||
r-patched-linux-x86_64 | 0.2.0 | 48.37 | 37.88 | 86.25 | OK | |
r-release-linux-x86_64 | 0.2.0 | 48.00 | 37.00 | 85.00 | OK | |
r-release-macos-arm64 | 0.2.0 | NOTE | ||||
r-release-macos-x86_64 | 0.2.0 | NOTE | ||||
r-release-windows-x86_64 | 0.2.0 | 61.00 | 79.00 | 140.00 | OK | |
r-oldrel-macos-arm64 | 0.2.0 | NOTE | ||||
r-oldrel-macos-x86_64 | 0.2.0 | NOTE | ||||
r-oldrel-windows-ix86+x86_64 | 0.2.0 | 160.00 | 72.00 | 232.00 | OK |
Version: 0.2.0
Check: data for non-ASCII characters
Result: NOTE
Note: found 548 marked UTF-8 strings
Flavors: r-devel-linux-x86_64-fedora-clang, r-devel-linux-x86_64-fedora-gcc, r-release-macos-arm64, r-release-macos-x86_64, r-oldrel-macos-arm64, r-oldrel-macos-x86_64