Last updated on 2022-04-24 03:52:41 CEST.
Flavor | Version | Tinstall | Tcheck | Ttotal | Status | Flags |
---|---|---|---|---|---|---|
r-devel-linux-x86_64-debian-clang | 1.4.18 | 27.12 | 248.61 | 275.73 | OK | |
r-devel-linux-x86_64-debian-gcc | 1.4.18 | 17.71 | 191.37 | 209.08 | OK | |
r-devel-linux-x86_64-fedora-clang | 1.4.18 | 320.41 | OK | |||
r-devel-linux-x86_64-fedora-gcc | 1.4.18 | 367.83 | OK | |||
r-patched-linux-x86_64 | 1.4.18 | 22.07 | 237.13 | 259.20 | OK | |
r-release-linux-x86_64 | 1.4.18 | 19.87 | 230.69 | 250.56 | OK | |
r-release-macos-arm64 | 1.4.18 | WARN | ||||
r-release-macos-x86_64 | 1.4.18 | WARN | ||||
r-release-windows-x86_64 | 1.4.18 | 181.00 | 350.00 | 531.00 | OK | |
r-oldrel-macos-arm64 | 1.4.18 | WARN | ||||
r-oldrel-macos-x86_64 | 1.4.18 | WARN | ||||
r-oldrel-windows-ix86+x86_64 | 1.4.18 | 37.00 | 320.00 | 357.00 | OK |
Version: 1.4.18
Check: for unstated dependencies in ‘tests’
Result: WARN
'library' or 'require' calls not declared from:
‘unitizerdummypkg1’ ‘unitizerdummypkg2’
Flavors: r-release-macos-arm64, r-release-macos-x86_64, r-oldrel-macos-arm64, r-oldrel-macos-x86_64