Last updated on 2022-04-24 03:52:41 CEST.
Flavor | Version | Tinstall | Tcheck | Ttotal | Status | Flags |
---|---|---|---|---|---|---|
r-devel-linux-x86_64-debian-clang | 0.1.0 | 8.96 | 78.84 | 87.80 | OK | |
r-devel-linux-x86_64-debian-gcc | 0.1.0 | 8.73 | 58.21 | 66.94 | OK | |
r-devel-linux-x86_64-fedora-clang | 0.1.0 | 107.69 | NOTE | |||
r-devel-linux-x86_64-fedora-gcc | 0.1.0 | 93.40 | NOTE | |||
r-patched-linux-x86_64 | 0.1.0 | 14.18 | 73.23 | 87.41 | OK | |
r-release-linux-x86_64 | 0.1.0 | 7.43 | 67.56 | 74.99 | OK | |
r-release-macos-arm64 | 0.1.0 | NOTE | ||||
r-release-macos-x86_64 | 0.1.0 | NOTE | ||||
r-release-windows-x86_64 | 0.1.0 | 22.00 | 94.00 | 116.00 | OK | |
r-oldrel-macos-arm64 | 0.1.0 | NOTE | ||||
r-oldrel-macos-x86_64 | 0.1.0 | NOTE | ||||
r-oldrel-windows-ix86+x86_64 | 0.1.0 | 20.00 | 82.00 | 102.00 | OK |
Version: 0.1.0
Check: data for non-ASCII characters
Result: NOTE
Note: found 3345 marked UTF-8 strings
Flavors: r-devel-linux-x86_64-fedora-clang, r-devel-linux-x86_64-fedora-gcc, r-release-macos-arm64, r-release-macos-x86_64, r-oldrel-macos-arm64, r-oldrel-macos-x86_64