Last updated on 2022-04-24 03:52:41 CEST.
Flavor | Version | Tinstall | Tcheck | Ttotal | Status | Flags |
---|---|---|---|---|---|---|
r-devel-linux-x86_64-debian-clang | 0.1.0 | 4.15 | 81.55 | 85.70 | OK | |
r-devel-linux-x86_64-debian-gcc | 0.1.0 | 3.32 | 59.23 | 62.55 | OK | |
r-devel-linux-x86_64-fedora-clang | 0.1.0 | 102.69 | NOTE | |||
r-devel-linux-x86_64-fedora-gcc | 0.1.0 | 88.13 | NOTE | |||
r-patched-linux-x86_64 | 0.1.0 | 2.69 | 76.76 | 79.45 | OK | |
r-release-linux-x86_64 | 0.1.0 | 3.72 | 74.21 | 77.93 | OK | |
r-release-macos-arm64 | 0.1.0 | NOTE | ||||
r-release-macos-x86_64 | 0.1.0 | NOTE | ||||
r-release-windows-x86_64 | 0.1.0 | 56.00 | 121.00 | 177.00 | OK | |
r-oldrel-macos-arm64 | 0.1.0 | NOTE | ||||
r-oldrel-macos-x86_64 | 0.1.0 | NOTE | ||||
r-oldrel-windows-ix86+x86_64 | 0.1.0 | 10.00 | 92.00 | 102.00 | OK |
Version: 0.1.0
Check: dependencies in R code
Result: NOTE
Namespaces in Imports field not imported from:
‘lavaan’ ‘lifecycle’ ‘patchwork’ ‘ragg’ ‘scales’ ‘simstandard’
All declared Imports should be used.
Flavors: r-devel-linux-x86_64-fedora-clang, r-devel-linux-x86_64-fedora-gcc, r-release-macos-arm64, r-release-macos-x86_64, r-oldrel-macos-arm64, r-oldrel-macos-x86_64