Last updated on 2022-04-24 03:52:41 CEST.
Flavor | Version | Tinstall | Tcheck | Ttotal | Status | Flags |
---|---|---|---|---|---|---|
r-devel-linux-x86_64-debian-clang | 2.1.2 | 113.28 | 148.67 | 261.95 | WARN | |
r-devel-linux-x86_64-debian-gcc | 2.1.2 | 97.09 | 107.71 | 204.80 | OK | |
r-devel-linux-x86_64-fedora-clang | 2.1.2 | 398.23 | WARN | |||
r-devel-linux-x86_64-fedora-gcc | 2.1.2 | 352.42 | OK | |||
r-patched-linux-x86_64 | 2.1.2 | 79.54 | 139.76 | 219.30 | OK | |
r-release-linux-x86_64 | 2.1.2 | 90.16 | 140.13 | 230.29 | OK | |
r-release-macos-arm64 | 2.1.2 | NOTE | ||||
r-release-macos-x86_64 | 2.1.2 | OK | ||||
r-release-windows-x86_64 | 2.1.2 | 108.00 | 205.00 | 313.00 | OK | |
r-oldrel-macos-arm64 | 2.1.2 | NOTE | ||||
r-oldrel-macos-x86_64 | 2.1.2 | OK | ||||
r-oldrel-windows-ix86+x86_64 | 2.1.2 | 62.00 | 9.00 | 71.00 | ERROR |
Version: 2.1.2
Check: whether package can be installed
Result: WARN
Found the following significant warnings:
betabinom.cpp:144:7: warning: use of bitwise '&' with boolean operands [-Wbitwise-instead-of-logical]
betabinom.cpp:147:7: warning: use of bitwise '&' with boolean operands [-Wbitwise-instead-of-logical]
betabinom.cpp:150:7: warning: use of bitwise '&' with boolean operands [-Wbitwise-instead-of-logical]
betabinom.cpp:153:7: warning: use of bitwise '&' with boolean operands [-Wbitwise-instead-of-logical]
betabinom.cpp:267:7: warning: use of bitwise '&' with boolean operands [-Wbitwise-instead-of-logical]
betabinom.cpp:270:7: warning: use of bitwise '&' with boolean operands [-Wbitwise-instead-of-logical]
betabinom.cpp:273:7: warning: use of bitwise '&' with boolean operands [-Wbitwise-instead-of-logical]
betabinom.cpp:276:7: warning: use of bitwise '&' with boolean operands [-Wbitwise-instead-of-logical]
betabinom.cpp:385:7: warning: use of bitwise '&' with boolean operands [-Wbitwise-instead-of-logical]
betabinom.cpp:388:7: warning: use of bitwise '&' with boolean operands [-Wbitwise-instead-of-logical]
betabinom.cpp:391:7: warning: use of bitwise '&' with boolean operands [-Wbitwise-instead-of-logical]
betabinom.cpp:460:7: warning: use of bitwise '&' with boolean operands [-Wbitwise-instead-of-logical]
betabinom.cpp:463:7: warning: use of bitwise '&' with boolean operands [-Wbitwise-instead-of-logical]
betabinom.cpp:466:7: warning: use of bitwise '&' with boolean operands [-Wbitwise-instead-of-logical]
gradients.cpp:409:9: warning: use of bitwise '&' with boolean operands [-Wbitwise-instead-of-logical]
objective.cpp:463:11: warning: use of bitwise '&' with boolean operands [-Wbitwise-instead-of-logical]
util_funs.cpp:46:7: warning: use of bitwise '&' with boolean operands [-Wbitwise-instead-of-logical]
util_funs.cpp:110:7: warning: use of bitwise '&' with boolean operands [-Wbitwise-instead-of-logical]
util_funs.cpp:113:7: warning: use of bitwise '&' with boolean operands [-Wbitwise-instead-of-logical]
Flavors: r-devel-linux-x86_64-debian-clang, r-devel-linux-x86_64-fedora-clang
Version: 2.1.2
Check: installed package size
Result: NOTE
installed size is 5.5Mb
sub-directories of 1Mb or more:
libs 4.6Mb
Flavors: r-release-macos-arm64, r-oldrel-macos-arm64
Version: 2.1.2
Check: whether package can be installed
Result: ERROR
Installation failed.
Flavor: r-oldrel-windows-ix86+x86_64