Last updated on 2022-04-24 03:52:41 CEST.
Flavor | Version | Tinstall | Tcheck | Ttotal | Status | Flags |
---|---|---|---|---|---|---|
r-devel-linux-x86_64-debian-clang | 1.3-0 | 8.04 | 74.85 | 82.89 | OK | |
r-devel-linux-x86_64-debian-gcc | 1.3-0 | 9.10 | 56.32 | 65.42 | OK | |
r-devel-linux-x86_64-fedora-clang | 1.3-0 | 101.49 | NOTE | |||
r-devel-linux-x86_64-fedora-gcc | 1.3-0 | 85.92 | NOTE | |||
r-patched-linux-x86_64 | 1.3-0 | 11.25 | 71.75 | 83.00 | OK | |
r-release-linux-x86_64 | 1.3-0 | 9.87 | 69.15 | 79.02 | OK | |
r-release-macos-arm64 | 1.3-0 | OK | ||||
r-release-macos-x86_64 | 1.3-0 | OK | ||||
r-release-windows-x86_64 | 1.3-0 | 46.00 | 104.00 | 150.00 | OK | |
r-oldrel-macos-arm64 | 1.3-0 | OK | ||||
r-oldrel-macos-x86_64 | 1.3-0 | OK | ||||
r-oldrel-windows-ix86+x86_64 | 1.3-0 | 22.00 | 96.00 | 118.00 | OK |
Version: 1.3-0
Check: compiled code
Result: NOTE
File ‘urca/libs/urca.so’:
Found no calls to: ‘R_registerRoutines’, ‘R_useDynamicSymbols’
It is good practice to register native routines and to disable symbol
search.
See ‘Writing portable packages’ in the ‘Writing R Extensions’ manual.
Flavors: r-devel-linux-x86_64-fedora-clang, r-devel-linux-x86_64-fedora-gcc