Last updated on 2022-04-24 03:52:41 CEST.
Flavor | Version | Tinstall | Tcheck | Ttotal | Status | Flags |
---|---|---|---|---|---|---|
r-devel-linux-x86_64-debian-clang | 1.0.1 | 1.96 | 32.13 | 34.09 | OK | |
r-devel-linux-x86_64-debian-gcc | 1.0.1 | 1.72 | 24.31 | 26.03 | OK | |
r-devel-linux-x86_64-fedora-clang | 1.0.1 | 41.23 | NOTE | |||
r-devel-linux-x86_64-fedora-gcc | 1.0.1 | 29.69 | NOTE | |||
r-patched-linux-x86_64 | 1.0.1 | 2.17 | 30.27 | 32.44 | OK | |
r-release-linux-x86_64 | 1.0.1 | 1.97 | 30.03 | 32.00 | OK | |
r-release-macos-arm64 | 1.0.1 | NOTE | ||||
r-release-macos-x86_64 | 1.0.1 | NOTE | ||||
r-release-windows-x86_64 | 1.0.1 | 22.00 | 46.00 | 68.00 | OK | |
r-oldrel-macos-arm64 | 1.0.1 | NOTE | ||||
r-oldrel-macos-x86_64 | 1.0.1 | NOTE | ||||
r-oldrel-windows-ix86+x86_64 | 1.0.1 | 4.00 | 37.00 | 41.00 | OK |
Version: 1.0.1
Check: dependencies in R code
Result: NOTE
Namespace in Imports field not imported from: ‘xml2’
All declared Imports should be used.
Flavors: r-devel-linux-x86_64-fedora-clang, r-devel-linux-x86_64-fedora-gcc, r-release-macos-arm64, r-release-macos-x86_64, r-oldrel-macos-arm64, r-oldrel-macos-x86_64