Last updated on 2022-04-24 03:52:41 CEST.
Flavor | Version | Tinstall | Tcheck | Ttotal | Status | Flags |
---|---|---|---|---|---|---|
r-devel-linux-x86_64-debian-clang | 1.7.3 | 71.86 | 46.23 | 118.09 | OK | |
r-devel-linux-x86_64-debian-gcc | 1.7.3 | 58.27 | 35.81 | 94.08 | OK | |
r-devel-linux-x86_64-fedora-clang | 1.7.3 | 171.54 | NOTE | |||
r-devel-linux-x86_64-fedora-gcc | 1.7.3 | 143.11 | NOTE | |||
r-patched-linux-x86_64 | 1.7.3 | 62.03 | 43.80 | 105.83 | OK | |
r-release-linux-x86_64 | 1.7.3 | 62.36 | 43.04 | 105.40 | OK | |
r-release-macos-arm64 | 1.7.3 | NOTE | ||||
r-release-macos-x86_64 | 1.7.3 | NOTE | ||||
r-release-windows-x86_64 | 1.7.3 | 83.00 | 93.00 | 176.00 | OK | |
r-oldrel-macos-arm64 | 1.7.3 | NOTE | ||||
r-oldrel-macos-x86_64 | 1.7.3 | NOTE | ||||
r-oldrel-windows-ix86+x86_64 | 1.7.3 | 173.00 | 87.00 | 260.00 | OK |
Version: 1.7.3
Check: Rd cross-references
Result: NOTE
Undeclared package ‘httr’ in Rd xrefs
Flavor: r-devel-linux-x86_64-fedora-clang
Version: 1.7.3
Check: data for non-ASCII characters
Result: NOTE
Note: found 488 marked UTF-8 strings
Flavors: r-devel-linux-x86_64-fedora-clang, r-devel-linux-x86_64-fedora-gcc, r-release-macos-arm64, r-release-macos-x86_64, r-oldrel-macos-arm64, r-oldrel-macos-x86_64