Last updated on 2022-04-24 03:52:41 CEST.
Flavor | Version | Tinstall | Tcheck | Ttotal | Status | Flags |
---|---|---|---|---|---|---|
r-devel-linux-x86_64-debian-clang | 1.0.1 | 2.05 | 32.24 | 34.29 | OK | |
r-devel-linux-x86_64-debian-gcc | 1.0.1 | 1.53 | 24.66 | 26.19 | OK | |
r-devel-linux-x86_64-fedora-clang | 1.0.1 | 41.60 | NOTE | |||
r-devel-linux-x86_64-fedora-gcc | 1.0.1 | 29.86 | NOTE | |||
r-patched-linux-x86_64 | 1.0.1 | 1.37 | 30.45 | 31.82 | OK | |
r-release-linux-x86_64 | 1.0.1 | 1.87 | 29.68 | 31.55 | OK | |
r-release-macos-arm64 | 1.0.1 | NOTE | ||||
r-release-macos-x86_64 | 1.0.1 | NOTE | ||||
r-release-windows-x86_64 | 1.0.1 | 7.00 | 49.00 | 56.00 | OK | |
r-oldrel-macos-arm64 | 1.0.1 | NOTE | ||||
r-oldrel-macos-x86_64 | 1.0.1 | NOTE | ||||
r-oldrel-windows-ix86+x86_64 | 1.0.1 | 6.00 | 39.00 | 45.00 | OK |
Version: 1.0.1
Check: data for non-ASCII characters
Result: NOTE
Note: found 2 marked UTF-8 strings
Flavors: r-devel-linux-x86_64-fedora-clang, r-devel-linux-x86_64-fedora-gcc, r-release-macos-arm64, r-release-macos-x86_64, r-oldrel-macos-arm64, r-oldrel-macos-x86_64