Last updated on 2022-04-24 03:52:41 CEST.
Flavor | Version | Tinstall | Tcheck | Ttotal | Status | Flags |
---|---|---|---|---|---|---|
r-devel-linux-x86_64-debian-clang | 0.1.0 | 2.09 | 33.91 | 36.00 | OK | |
r-devel-linux-x86_64-debian-gcc | 0.1.0 | 2.05 | 25.75 | 27.80 | OK | |
r-devel-linux-x86_64-fedora-clang | 0.1.0 | 42.80 | NOTE | |||
r-devel-linux-x86_64-fedora-gcc | 0.1.0 | 31.73 | OK | |||
r-patched-linux-x86_64 | 0.1.0 | 2.36 | 32.35 | 34.71 | OK | |
r-release-linux-x86_64 | 0.1.0 | 2.60 | 31.27 | 33.87 | OK | |
r-release-macos-arm64 | 0.1.0 | NOTE | ||||
r-release-macos-x86_64 | 0.1.0 | NOTE | ||||
r-release-windows-x86_64 | 0.1.0 | 18.00 | 53.00 | 71.00 | NOTE | |
r-oldrel-macos-arm64 | 0.1.0 | NOTE | ||||
r-oldrel-macos-x86_64 | 0.1.0 | NOTE | ||||
r-oldrel-windows-ix86+x86_64 | 0.1.0 | 5.00 | 40.00 | 45.00 | NOTE |
Version: 0.1.0
Check: installed package size
Result: NOTE
installed size is 6.7Mb
sub-directories of 1Mb or more:
extdata 6.6Mb
Flavors: r-devel-linux-x86_64-fedora-clang, r-release-macos-arm64, r-release-macos-x86_64, r-release-windows-x86_64, r-oldrel-macos-arm64, r-oldrel-macos-x86_64, r-oldrel-windows-ix86+x86_64