Last updated on 2022-04-24 03:52:41 CEST.
Flavor | Version | Tinstall | Tcheck | Ttotal | Status | Flags |
---|---|---|---|---|---|---|
r-devel-linux-x86_64-debian-clang | 0.0.6 | 5.37 | 64.02 | 69.39 | OK | |
r-devel-linux-x86_64-debian-gcc | 0.0.6 | 4.43 | 46.93 | 51.36 | OK | |
r-devel-linux-x86_64-fedora-clang | 0.0.6 | 85.11 | NOTE | |||
r-devel-linux-x86_64-fedora-gcc | 0.0.6 | 72.66 | NOTE | |||
r-patched-linux-x86_64 | 0.0.6 | 5.26 | 59.69 | 64.95 | OK | |
r-release-linux-x86_64 | 0.0.6 | 5.18 | 56.75 | 61.93 | OK | |
r-release-macos-arm64 | 0.0.6 | NOTE | ||||
r-release-macos-x86_64 | 0.0.6 | NOTE | ||||
r-release-windows-x86_64 | 0.0.6 | 17.00 | 79.00 | 96.00 | OK | |
r-oldrel-macos-arm64 | 0.0.6 | NOTE | ||||
r-oldrel-macos-x86_64 | 0.0.6 | NOTE | ||||
r-oldrel-windows-ix86+x86_64 | 0.0.6 | 14.00 | 69.00 | 83.00 | OK |
Version: 0.0.6
Check: dependencies in R code
Result: NOTE
Namespaces in Imports field not imported from:
‘RCurl’ ‘stringdist’ ‘utils’
All declared Imports should be used.
Flavors: r-devel-linux-x86_64-fedora-clang, r-devel-linux-x86_64-fedora-gcc, r-release-macos-arm64, r-release-macos-x86_64, r-oldrel-macos-arm64, r-oldrel-macos-x86_64