Last updated on 2022-04-24 03:52:41 CEST.
Flavor | Version | Tinstall | Tcheck | Ttotal | Status | Flags |
---|---|---|---|---|---|---|
r-devel-linux-x86_64-debian-clang | 1.0.4 | 63.74 | 539.56 | 603.30 | OK | |
r-devel-linux-x86_64-debian-gcc | 1.0.4 | 46.57 | 403.14 | 449.71 | OK | |
r-devel-linux-x86_64-fedora-clang | 1.0.4 | 746.03 | NOTE | |||
r-devel-linux-x86_64-fedora-gcc | 1.0.4 | 732.59 | NOTE | |||
r-patched-linux-x86_64 | 1.0.4 | 56.18 | 508.01 | 564.19 | OK | |
r-release-linux-x86_64 | 1.0.4 | 35.34 | 468.32 | 503.66 | OK | |
r-release-macos-arm64 | 1.0.4 | NOTE | ||||
r-release-macos-x86_64 | 1.0.4 | NOTE | ||||
r-release-windows-x86_64 | 1.0.4 | 144.00 | 522.00 | 666.00 | OK | |
r-oldrel-macos-arm64 | 1.0.4 | NOTE | ||||
r-oldrel-macos-x86_64 | 1.0.4 | NOTE | ||||
r-oldrel-windows-ix86+x86_64 | 1.0.4 | 127.00 | 512.00 | 639.00 | OK |
Version: 1.0.4
Check: dependencies in R code
Result: NOTE
Namespaces in Imports field not imported from:
'parallel' 'xml2'
All declared Imports should be used.
Flavors: r-devel-linux-x86_64-fedora-clang, r-devel-linux-x86_64-fedora-gcc, r-release-macos-arm64, r-release-macos-x86_64, r-oldrel-macos-arm64, r-oldrel-macos-x86_64