Last updated on 2022-04-24 03:52:41 CEST.
Flavor | Version | Tinstall | Tcheck | Ttotal | Status | Flags |
---|---|---|---|---|---|---|
r-devel-linux-x86_64-debian-clang | 0.3.0 | 14.28 | 131.76 | 146.04 | OK | |
r-devel-linux-x86_64-debian-gcc | 0.3.0 | 10.34 | 97.22 | 107.56 | OK | |
r-devel-linux-x86_64-fedora-clang | 0.3.0 | 179.91 | NOTE | |||
r-devel-linux-x86_64-fedora-gcc | 0.3.0 | 162.46 | NOTE | |||
r-patched-linux-x86_64 | 0.3.0 | 10.55 | 119.89 | 130.44 | OK | |
r-release-linux-x86_64 | 0.3.0 | 7.90 | 114.00 | 121.90 | OK | |
r-release-macos-arm64 | 0.3.0 | NOTE | ||||
r-release-macos-x86_64 | 0.3.0 | NOTE | ||||
r-release-windows-x86_64 | 0.3.0 | 20.00 | 136.00 | 156.00 | OK | |
r-oldrel-macos-arm64 | 0.3.0 | NOTE | ||||
r-oldrel-macos-x86_64 | 0.3.0 | NOTE | ||||
r-oldrel-windows-ix86+x86_64 | 0.3.0 | 29.00 | 130.00 | 159.00 | OK |
Version: 0.3.0
Check: dependencies in R code
Result: NOTE
Namespace in Imports field not imported from: ‘rio’
All declared Imports should be used.
Flavors: r-devel-linux-x86_64-fedora-clang, r-devel-linux-x86_64-fedora-gcc, r-release-macos-arm64, r-release-macos-x86_64, r-oldrel-macos-arm64, r-oldrel-macos-x86_64