Last updated on 2022-04-24 03:52:41 CEST.
Flavor | Version | Tinstall | Tcheck | Ttotal | Status | Flags |
---|---|---|---|---|---|---|
r-devel-linux-x86_64-debian-clang | 0.1.11 | 90.68 | 173.48 | 264.16 | OK | |
r-devel-linux-x86_64-debian-gcc | 0.1.11 | 83.66 | 143.68 | 227.34 | OK | |
r-devel-linux-x86_64-fedora-clang | 0.1.11 | 350.65 | NOTE | |||
r-devel-linux-x86_64-fedora-gcc | 0.1.11 | 341.21 | OK | |||
r-patched-linux-x86_64 | 0.1.11 | 85.09 | 167.15 | 252.24 | OK | |
r-release-linux-x86_64 | 0.1.11 | 83.33 | 161.26 | 244.59 | OK | |
r-release-macos-arm64 | 0.1.11 | NOTE | ||||
r-release-macos-x86_64 | 0.1.11 | NOTE | ||||
r-release-windows-x86_64 | 0.1.11 | 86.00 | 230.00 | 316.00 | OK | |
r-oldrel-macos-arm64 | 0.1.11 | NOTE | ||||
r-oldrel-macos-x86_64 | 0.1.11 | NOTE | ||||
r-oldrel-windows-ix86+x86_64 | 0.1.11 | 203.00 | 309.00 | 512.00 | OK |
Version: 0.1.11
Check: installed package size
Result: NOTE
installed size is 10.5Mb
sub-directories of 1Mb or more:
libs 10.0Mb
Flavors: r-devel-linux-x86_64-fedora-clang, r-release-macos-arm64, r-release-macos-x86_64, r-oldrel-macos-arm64, r-oldrel-macos-x86_64