Last updated on 2022-04-24 03:52:41 CEST.
Flavor | Version | Tinstall | Tcheck | Ttotal | Status | Flags |
---|---|---|---|---|---|---|
r-devel-linux-x86_64-debian-clang | 1.0.0 | 6.38 | 71.06 | 77.44 | OK | |
r-devel-linux-x86_64-debian-gcc | 1.0.0 | 5.29 | 52.45 | 57.74 | OK | |
r-devel-linux-x86_64-fedora-clang | 1.0.0 | 91.98 | NOTE | |||
r-devel-linux-x86_64-fedora-gcc | 1.0.0 | 78.98 | NOTE | |||
r-patched-linux-x86_64 | 1.0.0 | 5.03 | 66.11 | 71.14 | OK | |
r-release-linux-x86_64 | 1.0.0 | 5.60 | 62.06 | 67.66 | OK | |
r-release-macos-arm64 | 1.0.0 | NOTE | ||||
r-release-macos-x86_64 | 1.0.0 | NOTE | ||||
r-release-windows-x86_64 | 1.0.0 | 15.00 | 87.00 | 102.00 | OK | |
r-oldrel-macos-arm64 | 1.0.0 | NOTE | ||||
r-oldrel-macos-x86_64 | 1.0.0 | NOTE | ||||
r-oldrel-windows-ix86+x86_64 | 1.0.0 | 16.00 | 75.00 | 91.00 | OK |
Version: 1.0.0
Check: dependencies in R code
Result: NOTE
Namespace in Imports field not imported from: ‘Rdpack’
All declared Imports should be used.
Flavors: r-devel-linux-x86_64-fedora-clang, r-devel-linux-x86_64-fedora-gcc, r-release-macos-arm64, r-release-macos-x86_64, r-oldrel-macos-arm64, r-oldrel-macos-x86_64