Last updated on 2022-04-24 03:52:41 CEST.
Flavor | Version | Tinstall | Tcheck | Ttotal | Status | Flags |
---|---|---|---|---|---|---|
r-devel-linux-x86_64-debian-clang | 1.0.4 | 2.00 | 32.98 | 34.98 | NOTE | |
r-devel-linux-x86_64-debian-gcc | 1.0.4 | 2.33 | 25.64 | 27.97 | NOTE | |
r-devel-linux-x86_64-fedora-clang | 1.0.4 | 44.29 | NOTE | |||
r-devel-linux-x86_64-fedora-gcc | 1.0.4 | 32.53 | NOTE | |||
r-patched-linux-x86_64 | 1.0.4 | 2.42 | 32.05 | 34.47 | NOTE | |
r-release-linux-x86_64 | 1.0.4 | 2.05 | 30.46 | 32.51 | NOTE | |
r-release-macos-arm64 | 1.0.4 | NOTE | ||||
r-release-macos-x86_64 | 1.0.4 | NOTE | ||||
r-release-windows-x86_64 | 1.0.4 | 13.00 | 55.00 | 68.00 | NOTE | |
r-oldrel-macos-arm64 | 1.0.4 | NOTE | ||||
r-oldrel-macos-x86_64 | 1.0.4 | NOTE | ||||
r-oldrel-windows-ix86+x86_64 | 1.0.4 | 5.00 | 39.00 | 44.00 | NOTE |
Version: 1.0.4
Check: package dependencies
Result: NOTE
Packages suggested but not available for checking: 'vaers', 'vaersND'
Flavors: r-devel-linux-x86_64-debian-clang, r-devel-linux-x86_64-debian-gcc, r-devel-linux-x86_64-fedora-clang, r-devel-linux-x86_64-fedora-gcc, r-patched-linux-x86_64, r-release-linux-x86_64, r-release-macos-arm64, r-release-macos-x86_64, r-release-windows-x86_64, r-oldrel-macos-arm64, r-oldrel-macos-x86_64, r-oldrel-windows-ix86+x86_64