Last updated on 2022-04-24 03:52:41 CEST.
Flavor | Version | Tinstall | Tcheck | Ttotal | Status | Flags |
---|---|---|---|---|---|---|
r-devel-linux-x86_64-debian-clang | 1.0.5 | 2.12 | 31.35 | 33.47 | NOTE | |
r-devel-linux-x86_64-debian-gcc | 1.0.5 | 1.69 | 24.68 | 26.37 | NOTE | |
r-devel-linux-x86_64-fedora-clang | 1.0.5 | 41.81 | NOTE | |||
r-devel-linux-x86_64-fedora-gcc | 1.0.5 | 30.12 | NOTE | |||
r-patched-linux-x86_64 | 1.0.5 | 1.66 | 30.65 | 32.31 | NOTE | |
r-release-linux-x86_64 | 1.0.5 | 1.69 | 30.04 | 31.73 | NOTE | |
r-release-macos-arm64 | 1.0.5 | NOTE | ||||
r-release-macos-x86_64 | 1.0.5 | NOTE | ||||
r-release-windows-x86_64 | 1.0.5 | 12.00 | 55.00 | 67.00 | NOTE | |
r-oldrel-macos-arm64 | 1.0.5 | NOTE | ||||
r-oldrel-macos-x86_64 | 1.0.5 | NOTE | ||||
r-oldrel-windows-ix86+x86_64 | 1.0.5 | 5.00 | 37.00 | 42.00 | NOTE |
Version: 1.0.5
Check: package dependencies
Result: NOTE
Packages suggested but not available for checking: 'vaers', 'vaersND'
Flavors: r-devel-linux-x86_64-debian-clang, r-devel-linux-x86_64-debian-gcc, r-devel-linux-x86_64-fedora-clang, r-devel-linux-x86_64-fedora-gcc, r-patched-linux-x86_64, r-release-linux-x86_64, r-release-macos-x86_64, r-release-windows-x86_64, r-oldrel-macos-x86_64, r-oldrel-windows-ix86+x86_64
Version: 1.0.5
Check: package dependencies
Result: NOTE
Packages suggested but not available for checking:
'vaersNDvax', 'vaers', 'vaersND'
Flavors: r-release-macos-arm64, r-oldrel-macos-arm64