Last updated on 2022-04-24 03:52:41 CEST.
Flavor | Version | Tinstall | Tcheck | Ttotal | Status | Flags |
---|---|---|---|---|---|---|
r-devel-linux-x86_64-debian-clang | 0.1.0 | 2.87 | 52.77 | 55.64 | OK | |
r-devel-linux-x86_64-debian-gcc | 0.1.0 | 2.77 | 39.27 | 42.04 | OK | |
r-devel-linux-x86_64-fedora-clang | 0.1.0 | 70.44 | NOTE | |||
r-devel-linux-x86_64-fedora-gcc | 0.1.0 | 57.67 | NOTE | |||
r-patched-linux-x86_64 | 0.1.0 | 3.95 | 50.28 | 54.23 | OK | |
r-release-linux-x86_64 | 0.1.0 | 3.23 | 47.02 | 50.25 | OK | |
r-release-macos-arm64 | 0.1.0 | NOTE | ||||
r-release-macos-x86_64 | 0.1.0 | NOTE | ||||
r-release-windows-x86_64 | 0.1.0 | 28.00 | 85.00 | 113.00 | OK | |
r-oldrel-macos-arm64 | 0.1.0 | NOTE | ||||
r-oldrel-macos-x86_64 | 0.1.0 | NOTE | ||||
r-oldrel-windows-ix86+x86_64 | 0.1.0 | 8.00 | 61.00 | 69.00 | OK |
Version: 0.1.0
Check: dependencies in R code
Result: NOTE
Namespaces in Imports field not imported from:
‘BBmisc’ ‘badger’
All declared Imports should be used.
Flavors: r-devel-linux-x86_64-fedora-clang, r-devel-linux-x86_64-fedora-gcc, r-release-macos-arm64, r-release-macos-x86_64, r-oldrel-macos-arm64, r-oldrel-macos-x86_64