Last updated on 2022-04-24 03:52:41 CEST.
Flavor | Version | Tinstall | Tcheck | Ttotal | Status | Flags |
---|---|---|---|---|---|---|
r-devel-linux-x86_64-debian-clang | 1.0-1 | 10.71 | 94.11 | 104.82 | OK | |
r-devel-linux-x86_64-debian-gcc | 1.0-1 | 9.33 | 73.75 | 83.08 | OK | |
r-devel-linux-x86_64-fedora-clang | 1.0-1 | 128.21 | NOTE | |||
r-devel-linux-x86_64-fedora-gcc | 1.0-1 | 121.41 | NOTE | |||
r-patched-linux-x86_64 | 1.0-1 | 10.57 | 91.40 | 101.97 | OK | |
r-release-linux-x86_64 | 1.0-1 | 8.18 | 88.59 | 96.77 | OK | |
r-release-macos-arm64 | 1.0-1 | OK | ||||
r-release-macos-x86_64 | 1.0-1 | OK | ||||
r-release-windows-x86_64 | 1.0-1 | 31.00 | 107.00 | 138.00 | OK | |
r-oldrel-macos-arm64 | 1.0-1 | OK | ||||
r-oldrel-macos-x86_64 | 1.0-1 | OK | ||||
r-oldrel-windows-ix86+x86_64 | 1.0-1 | 24.00 | 126.00 | 150.00 | OK |
Version: 1.0-1
Check: compiled code
Result: NOTE
File ‘valorate/libs/valorate.so’:
Found no calls to: ‘R_registerRoutines’, ‘R_useDynamicSymbols’
It is good practice to register native routines and to disable symbol
search.
See ‘Writing portable packages’ in the ‘Writing R Extensions’ manual.
Flavors: r-devel-linux-x86_64-fedora-clang, r-devel-linux-x86_64-fedora-gcc