Last updated on 2022-04-24 03:52:41 CEST.
Flavor | Version | Tinstall | Tcheck | Ttotal | Status | Flags |
---|---|---|---|---|---|---|
r-devel-linux-x86_64-debian-clang | 0.7.2 | 3.75 | 83.47 | 87.22 | OK | |
r-devel-linux-x86_64-debian-gcc | 0.7.2 | 3.00 | 60.33 | 63.33 | OK | |
r-devel-linux-x86_64-fedora-clang | 0.7.2 | 104.18 | NOTE | |||
r-devel-linux-x86_64-fedora-gcc | 0.7.2 | 98.59 | NOTE | |||
r-patched-linux-x86_64 | 0.7.2 | 3.16 | 79.96 | 83.12 | OK | |
r-release-linux-x86_64 | 0.7.2 | 3.61 | 78.72 | 82.33 | OK | |
r-release-macos-arm64 | 0.7.2 | NOTE | ||||
r-release-macos-x86_64 | 0.7.2 | NOTE | ||||
r-release-windows-x86_64 | 0.7.2 | 25.00 | 106.00 | 131.00 | OK | |
r-oldrel-macos-arm64 | 0.7.2 | NOTE | ||||
r-oldrel-macos-x86_64 | 0.7.2 | NOTE | ||||
r-oldrel-windows-ix86+x86_64 | 0.7.2 | 7.00 | 94.00 | 101.00 | OK |
Version: 0.7.2
Check: dependencies in R code
Result: NOTE
Namespace in Imports field not imported from: ‘testthat’
All declared Imports should be used.
Flavors: r-devel-linux-x86_64-fedora-clang, r-devel-linux-x86_64-fedora-gcc, r-release-macos-arm64, r-release-macos-x86_64, r-oldrel-macos-arm64, r-oldrel-macos-x86_64