Last updated on 2022-04-24 03:52:41 CEST.
Flavor | Version | Tinstall | Tcheck | Ttotal | Status | Flags |
---|---|---|---|---|---|---|
r-devel-linux-x86_64-debian-clang | 1.2.2.27 | 10.06 | 82.78 | 92.84 | OK | |
r-devel-linux-x86_64-debian-gcc | 1.2.2.27 | 6.82 | 60.07 | 66.89 | OK | |
r-devel-linux-x86_64-fedora-clang | 1.2.2.27 | 108.14 | NOTE | |||
r-devel-linux-x86_64-fedora-gcc | 1.2.2.27 | 100.42 | NOTE | |||
r-patched-linux-x86_64 | 1.2.2.27 | 8.74 | 76.05 | 84.79 | OK | |
r-release-linux-x86_64 | 1.2.2.27 | 6.22 | 72.74 | 78.96 | OK | |
r-release-macos-arm64 | 1.2.2.27 | NOTE | ||||
r-release-macos-x86_64 | 1.2.2.27 | NOTE | ||||
r-release-windows-x86_64 | 1.2.2.27 | 30.00 | 100.00 | 130.00 | OK | |
r-oldrel-macos-arm64 | 1.2.2.27 | NOTE | ||||
r-oldrel-macos-x86_64 | 1.2.2.27 | NOTE | ||||
r-oldrel-windows-ix86+x86_64 | 1.2.2.27 | 22.00 | 87.00 | 109.00 | OK |
Version: 1.2.2.27
Check: dependencies in R code
Result: NOTE
Namespaces in Imports field not imported from:
‘MASS’ ‘car’ ‘tidyverse’
All declared Imports should be used.
Flavors: r-devel-linux-x86_64-fedora-clang, r-devel-linux-x86_64-fedora-gcc, r-release-macos-arm64, r-release-macos-x86_64, r-oldrel-macos-arm64, r-oldrel-macos-x86_64