Last updated on 2022-04-24 03:52:41 CEST.
Flavor | Version | Tinstall | Tcheck | Ttotal | Status | Flags |
---|---|---|---|---|---|---|
r-devel-linux-x86_64-debian-clang | 0.8.5 | 62.37 | 67.81 | 130.18 | WARN | |
r-devel-linux-x86_64-debian-gcc | 0.8.5 | 47.99 | 51.32 | 99.31 | OK | |
r-devel-linux-x86_64-fedora-clang | 0.8.5 | 180.98 | WARN | |||
r-devel-linux-x86_64-fedora-gcc | 0.8.5 | 157.49 | OK | |||
r-patched-linux-x86_64 | 0.8.5 | 48.92 | 64.67 | 113.59 | OK | |
r-release-linux-x86_64 | 0.8.5 | 49.61 | 63.76 | 113.37 | OK | |
r-release-macos-arm64 | 0.8.5 | NOTE | ||||
r-release-macos-x86_64 | 0.8.5 | NOTE | ||||
r-release-windows-x86_64 | 0.8.5 | 289.00 | 420.00 | 709.00 | NOTE | |
r-oldrel-macos-arm64 | 0.8.5 | NOTE | ||||
r-oldrel-macos-x86_64 | 0.8.5 | NOTE | ||||
r-oldrel-windows-ix86+x86_64 | 0.8.5 | 225.00 | 469.00 | 694.00 | NOTE |
Version: 0.8.5
Check: whether package can be installed
Result: WARN
Found the following significant warnings:
../inst/include/gdalgeometry/gdalgeometry.h:230:9: warning: use of bitwise '|' with boolean operands [-Wbitwise-instead-of-logical]
../inst/include/gdalgeometry/gdalgeometry.h:241:9: warning: use of bitwise '|' with boolean operands [-Wbitwise-instead-of-logical]
../inst/include/gdalgeometry/gdalgeometry.h:291:11: warning: use of bitwise '|' with boolean operands [-Wbitwise-instead-of-logical]
../inst/include/gdalgeometry/gdalgeometry.h:302:11: warning: use of bitwise '|' with boolean operands [-Wbitwise-instead-of-logical]
../inst/include/gdalgeometry/gdalgeometry.h:354:11: warning: use of bitwise '|' with boolean operands [-Wbitwise-instead-of-logical]
../inst/include/gdalgeometry/gdalgeometry.h:365:11: warning: use of bitwise '|' with boolean operands [-Wbitwise-instead-of-logical]
../inst/include/gdalgeometry/gdalgeometry.h:421:9: warning: use of bitwise '|' with boolean operands [-Wbitwise-instead-of-logical]
../inst/include/gdalgeometry/gdalgeometry.h:432:9: warning: use of bitwise '|' with boolean operands [-Wbitwise-instead-of-logical]
Flavors: r-devel-linux-x86_64-debian-clang, r-devel-linux-x86_64-fedora-clang
Version: 0.8.5
Check: installed package size
Result: NOTE
installed size is 343.9Mb
sub-directories of 1Mb or more:
extdata 1.1Mb
libs 341.7Mb
Flavors: r-release-macos-arm64, r-release-macos-x86_64, r-release-windows-x86_64, r-oldrel-macos-arm64, r-oldrel-macos-x86_64, r-oldrel-windows-ix86+x86_64