Last updated on 2022-04-24 03:52:41 CEST.
Flavor | Version | Tinstall | Tcheck | Ttotal | Status | Flags |
---|---|---|---|---|---|---|
r-devel-linux-x86_64-debian-clang | 0.1.0 | 16.23 | 150.17 | 166.40 | NOTE | |
r-devel-linux-x86_64-debian-gcc | 0.1.0 | 13.36 | 110.11 | 123.47 | NOTE | |
r-devel-linux-x86_64-fedora-clang | 0.1.0 | 203.83 | NOTE | |||
r-devel-linux-x86_64-fedora-gcc | 0.1.0 | 197.00 | NOTE | |||
r-patched-linux-x86_64 | 0.1.0 | 14.79 | 142.11 | 156.90 | NOTE | |
r-release-linux-x86_64 | 0.1.0 | 14.39 | 130.44 | 144.83 | NOTE | |
r-release-macos-arm64 | 0.1.0 | NOTE | ||||
r-release-macos-x86_64 | 0.1.0 | NOTE | ||||
r-release-windows-x86_64 | 0.1.0 | 19.00 | 155.00 | 174.00 | NOTE | |
r-oldrel-macos-arm64 | 0.1.0 | NOTE | ||||
r-oldrel-macos-x86_64 | 0.1.0 | NOTE | ||||
r-oldrel-windows-ix86+x86_64 | 0.1.0 | 37.00 | 150.00 | 187.00 | NOTE |
Version: 0.1.0
Check: LazyData
Result: NOTE
'LazyData' is specified without a 'data' directory
Flavors: r-devel-linux-x86_64-debian-clang, r-devel-linux-x86_64-debian-gcc, r-devel-linux-x86_64-fedora-clang, r-devel-linux-x86_64-fedora-gcc, r-patched-linux-x86_64, r-release-linux-x86_64, r-release-macos-arm64, r-release-macos-x86_64, r-release-windows-x86_64, r-oldrel-macos-arm64, r-oldrel-macos-x86_64, r-oldrel-windows-ix86+x86_64