Last updated on 2022-04-24 03:52:41 CEST.
Flavor | Version | Tinstall | Tcheck | Ttotal | Status | Flags |
---|---|---|---|---|---|---|
r-devel-linux-x86_64-debian-clang | 0.4 | 8.27 | 141.93 | 150.20 | NOTE | |
r-devel-linux-x86_64-debian-gcc | 0.4 | 7.34 | 106.63 | 113.97 | NOTE | |
r-devel-linux-x86_64-fedora-clang | 0.4 | 170.38 | NOTE | |||
r-devel-linux-x86_64-fedora-gcc | 0.4 | 166.42 | NOTE | |||
r-patched-linux-x86_64 | 0.4 | 8.87 | 134.75 | 143.62 | NOTE | |
r-release-linux-x86_64 | 0.4 | 8.65 | 127.85 | 136.50 | NOTE | |
r-release-macos-arm64 | 0.4 | NOTE | ||||
r-release-macos-x86_64 | 0.4 | NOTE | ||||
r-release-windows-x86_64 | 0.4 | 13.00 | 161.00 | 174.00 | NOTE | |
r-oldrel-macos-arm64 | 0.4 | NOTE | ||||
r-oldrel-macos-x86_64 | 0.4 | NOTE | ||||
r-oldrel-windows-ix86+x86_64 | 0.4 | 21.00 | 141.00 | 162.00 | NOTE |
Version: 0.4
Check: LazyData
Result: NOTE
'LazyData' is specified without a 'data' directory
Flavors: r-devel-linux-x86_64-debian-clang, r-devel-linux-x86_64-debian-gcc, r-devel-linux-x86_64-fedora-clang, r-devel-linux-x86_64-fedora-gcc, r-patched-linux-x86_64, r-release-linux-x86_64, r-release-macos-arm64, r-release-macos-x86_64, r-release-windows-x86_64, r-oldrel-macos-arm64, r-oldrel-macos-x86_64, r-oldrel-windows-ix86+x86_64