Last updated on 2022-04-24 03:52:41 CEST.
Flavor | Version | Tinstall | Tcheck | Ttotal | Status | Flags |
---|---|---|---|---|---|---|
r-devel-linux-x86_64-debian-clang | 0.9.0 | 34.04 | 73.46 | 107.50 | NOTE | |
r-devel-linux-x86_64-debian-gcc | 0.9.0 | 27.86 | 55.02 | 82.88 | NOTE | |
r-devel-linux-x86_64-fedora-clang | 0.9.0 | 139.52 | NOTE | |||
r-devel-linux-x86_64-fedora-gcc | 0.9.0 | 128.29 | NOTE | |||
r-patched-linux-x86_64 | 0.9.0 | 29.25 | 65.94 | 95.19 | NOTE | |
r-release-linux-x86_64 | 0.9.0 | 29.59 | 64.18 | 93.77 | NOTE | |
r-release-macos-arm64 | 0.9.0 | NOTE | ||||
r-release-macos-x86_64 | 0.9.0 | NOTE | ||||
r-release-windows-x86_64 | 0.9.0 | 40.00 | 111.00 | 151.00 | NOTE | |
r-oldrel-macos-arm64 | 0.9.0 | NOTE | ||||
r-oldrel-macos-x86_64 | 0.9.0 | NOTE | ||||
r-oldrel-windows-ix86+x86_64 | 0.9.0 | 82.00 | 122.00 | 204.00 | NOTE |
Version: 0.9.0
Check: LazyData
Result: NOTE
'LazyData' is specified without a 'data' directory
Flavors: r-devel-linux-x86_64-debian-clang, r-devel-linux-x86_64-debian-gcc, r-devel-linux-x86_64-fedora-clang, r-devel-linux-x86_64-fedora-gcc, r-patched-linux-x86_64, r-release-linux-x86_64, r-release-macos-arm64, r-release-macos-x86_64, r-release-windows-x86_64, r-oldrel-macos-arm64, r-oldrel-macos-x86_64, r-oldrel-windows-ix86+x86_64
Version: 0.9.0
Check: compiled code
Result: NOTE
File ‘varband/libs/varband.so’:
Found no calls to: ‘R_registerRoutines’, ‘R_useDynamicSymbols’
It is good practice to register native routines and to disable symbol
search.
See ‘Writing portable packages’ in the ‘Writing R Extensions’ manual.
Flavors: r-devel-linux-x86_64-fedora-clang, r-devel-linux-x86_64-fedora-gcc