Last updated on 2022-04-24 03:52:41 CEST.
Flavor | Version | Tinstall | Tcheck | Ttotal | Status | Flags |
---|---|---|---|---|---|---|
r-devel-linux-x86_64-debian-clang | 0.3.1 | 22.01 | 205.73 | 227.74 | OK | |
r-devel-linux-x86_64-debian-gcc | 0.3.1 | 17.98 | 157.36 | 175.34 | OK | |
r-devel-linux-x86_64-fedora-clang | 0.3.1 | 278.53 | NOTE | |||
r-devel-linux-x86_64-fedora-gcc | 0.3.1 | 275.66 | NOTE | |||
r-patched-linux-x86_64 | 0.3.1 | 21.32 | 199.34 | 220.66 | OK | |
r-release-linux-x86_64 | 0.3.1 | 13.84 | 186.46 | 200.30 | OK | |
r-release-macos-arm64 | 0.3.1 | NOTE | ||||
r-release-macos-x86_64 | 0.3.1 | NOTE | ||||
r-release-windows-x86_64 | 0.3.1 | 38.00 | 209.00 | 247.00 | OK | |
r-oldrel-macos-arm64 | 0.3.1 | NOTE | ||||
r-oldrel-macos-x86_64 | 0.3.1 | NOTE | ||||
r-oldrel-windows-ix86+x86_64 | 0.3.1 | 46.00 | 197.00 | 243.00 | OK |
Version: 0.3.1
Check: dependencies in R code
Result: NOTE
Namespace in Imports field not imported from: ‘sp’
All declared Imports should be used.
Flavors: r-devel-linux-x86_64-fedora-clang, r-devel-linux-x86_64-fedora-gcc, r-release-macos-arm64, r-release-macos-x86_64, r-oldrel-macos-arm64, r-oldrel-macos-x86_64