Last updated on 2022-04-24 03:52:41 CEST.
Flavor | Version | Tinstall | Tcheck | Ttotal | Status | Flags |
---|---|---|---|---|---|---|
r-devel-linux-x86_64-debian-clang | 1.12.0 | 150.63 | 223.66 | 374.29 | WARN | |
r-devel-linux-x86_64-debian-gcc | 1.12.0 | 119.64 | 174.31 | 293.95 | OK | |
r-devel-linux-x86_64-fedora-clang | 1.12.0 | 531.55 | WARN | |||
r-devel-linux-x86_64-fedora-gcc | 1.12.0 | 471.99 | OK | |||
r-patched-linux-x86_64 | 1.12.0 | 129.93 | 216.83 | 346.76 | OK | |
r-release-linux-x86_64 | 1.12.0 | 124.16 | 218.44 | 342.60 | OK | |
r-release-macos-arm64 | 1.12.0 | NOTE | ||||
r-release-macos-x86_64 | 1.12.0 | NOTE | ||||
r-release-windows-x86_64 | 1.12.0 | 151.00 | 306.00 | 457.00 | OK | |
r-oldrel-macos-arm64 | 1.12.0 | NOTE | ||||
r-oldrel-macos-x86_64 | 1.12.0 | NOTE | ||||
r-oldrel-windows-ix86+x86_64 | 1.12.0 | 351.00 | 391.00 | 742.00 | OK |
Version: 1.12.0
Check: whether package can be installed
Result: WARN
Found the following significant warnings:
NM2winNM.cpp:145:9: warning: use of bitwise '|' with boolean operands [-Wbitwise-instead-of-logical]
extract_gt.cpp:362:9: warning: use of bitwise '|' with boolean operands [-Wbitwise-instead-of-logical]
freq_peak.cpp:400:11: warning: use of bitwise '&' with boolean operands [-Wbitwise-instead-of-logical]
freq_peak.cpp:405:13: warning: use of bitwise '&' with boolean operands [-Wbitwise-instead-of-logical]
read_vcfR.cpp:497:9: warning: use of bitwise '&' with boolean operands [-Wbitwise-instead-of-logical]
vcfRCommon.cpp:112:9: warning: use of bitwise '|' with boolean operands [-Wbitwise-instead-of-logical]
Flavors: r-devel-linux-x86_64-debian-clang, r-devel-linux-x86_64-fedora-clang
Version: 1.12.0
Check: installed package size
Result: NOTE
installed size is 6.1Mb
sub-directories of 1Mb or more:
libs 4.1Mb
Flavors: r-devel-linux-x86_64-fedora-clang, r-release-macos-arm64, r-release-macos-x86_64, r-oldrel-macos-arm64, r-oldrel-macos-x86_64