Last updated on 2022-04-24 03:52:41 CEST.
Flavor | Version | Tinstall | Tcheck | Ttotal | Status | Flags |
---|---|---|---|---|---|---|
r-devel-linux-x86_64-debian-clang | 1.0.0 | 10.97 | 103.32 | 114.29 | OK | |
r-devel-linux-x86_64-debian-gcc | 1.0.0 | 8.22 | 75.38 | 83.60 | OK | |
r-devel-linux-x86_64-fedora-clang | 1.0.0 | 135.39 | NOTE | |||
r-devel-linux-x86_64-fedora-gcc | 1.0.0 | 131.88 | NOTE | |||
r-patched-linux-x86_64 | 1.0.0 | 11.31 | 96.36 | 107.67 | OK | |
r-release-linux-x86_64 | 1.0.0 | 10.42 | 94.10 | 104.52 | OK | |
r-release-macos-arm64 | 1.0.0 | NOTE | ||||
r-release-macos-x86_64 | 1.0.0 | NOTE | ||||
r-release-windows-x86_64 | 1.0.0 | 34.00 | 123.00 | 157.00 | OK | |
r-oldrel-macos-arm64 | 1.0.0 | NOTE | ||||
r-oldrel-macos-x86_64 | 1.0.0 | NOTE | ||||
r-oldrel-windows-ix86+x86_64 | 1.0.0 | 24.00 | 115.00 | 139.00 | OK |
Version: 1.0.0
Check: dependencies in R code
Result: NOTE
Namespace in Imports field not imported from: ‘mathjaxr’
All declared Imports should be used.
Flavors: r-devel-linux-x86_64-fedora-clang, r-devel-linux-x86_64-fedora-gcc, r-release-macos-arm64, r-release-macos-x86_64, r-oldrel-macos-arm64, r-oldrel-macos-x86_64