Last updated on 2022-04-24 03:52:41 CEST.
Flavor | Version | Tinstall | Tcheck | Ttotal | Status | Flags |
---|---|---|---|---|---|---|
r-devel-linux-x86_64-debian-clang | 1.2.1 | 14.65 | 224.26 | 238.91 | OK | |
r-devel-linux-x86_64-debian-gcc | 1.2.1 | 11.36 | 168.75 | 180.11 | OK | |
r-devel-linux-x86_64-fedora-clang | 1.2.1 | 283.33 | NOTE | |||
r-devel-linux-x86_64-fedora-gcc | 1.2.1 | 284.57 | NOTE | |||
r-patched-linux-x86_64 | 1.2.1 | 19.11 | 213.48 | 232.59 | OK | |
r-release-linux-x86_64 | 1.2.1 | 12.70 | 186.89 | 199.59 | OK | |
r-release-macos-arm64 | 1.2.1 | OK | ||||
r-release-macos-x86_64 | 1.2.1 | OK | ||||
r-release-windows-x86_64 | 1.2.1 | 23.00 | 341.00 | 364.00 | OK | |
r-oldrel-macos-arm64 | 1.2.1 | OK | ||||
r-oldrel-macos-x86_64 | 1.2.1 | OK | ||||
r-oldrel-windows-ix86+x86_64 | 1.2.1 | 31.00 | 280.00 | 311.00 | OK |
Version: 1.2.1
Check: compiled code
Result: NOTE
File ‘vdg/libs/vdg.so’:
Found no calls to: ‘R_registerRoutines’, ‘R_useDynamicSymbols’
It is good practice to register native routines and to disable symbol
search.
See ‘Writing portable packages’ in the ‘Writing R Extensions’ manual.
Flavors: r-devel-linux-x86_64-fedora-clang, r-devel-linux-x86_64-fedora-gcc