Last updated on 2022-04-24 03:52:41 CEST.
Flavor | Version | Tinstall | Tcheck | Ttotal | Status | Flags |
---|---|---|---|---|---|---|
r-devel-linux-x86_64-debian-clang | 1.1 | 3.68 | 44.74 | 48.42 | NOTE | |
r-devel-linux-x86_64-debian-gcc | 1.1 | 3.52 | 34.03 | 37.55 | NOTE | |
r-devel-linux-x86_64-fedora-clang | 1.1 | 59.40 | NOTE | |||
r-devel-linux-x86_64-fedora-gcc | 1.1 | 49.86 | NOTE | |||
r-patched-linux-x86_64 | 1.1 | 5.91 | 42.87 | 48.78 | NOTE | |
r-release-linux-x86_64 | 1.1 | 3.65 | 40.81 | 44.46 | NOTE | |
r-release-macos-arm64 | 1.1 | NOTE | ||||
r-release-macos-x86_64 | 1.1 | NOTE | ||||
r-release-windows-x86_64 | 1.1 | 34.00 | 61.00 | 95.00 | NOTE | |
r-oldrel-macos-arm64 | 1.1 | NOTE | ||||
r-oldrel-macos-x86_64 | 1.1 | NOTE | ||||
r-oldrel-windows-ix86+x86_64 | 1.1 | 11.00 | 52.00 | 63.00 | NOTE |
Version: 1.1
Check: R code for possible problems
Result: NOTE
calculateParameters,AffineTransformation: no visible global function
definition for 'lm'
calculateParameters,AffineTransformation: no visible global function
definition for 'coef'
calculateParameters,SimilarityTransformation: no visible global
function definition for 'lm'
calculateParameters,SimilarityTransformation: no visible global
function definition for 'coef'
plotGridTransformation,Cartesian2DCoordinateTransformation: no visible
global function definition for 'points'
plotGridTransformation,Cartesian2DCoordinateTransformation: no visible
global function definition for 'legend'
Undefined global functions or variables:
coef legend lm points
Consider adding
importFrom("graphics", "legend", "points")
importFrom("stats", "coef", "lm")
to your NAMESPACE file.
Flavors: r-devel-linux-x86_64-debian-clang, r-devel-linux-x86_64-debian-gcc, r-devel-linux-x86_64-fedora-clang, r-devel-linux-x86_64-fedora-gcc, r-patched-linux-x86_64, r-release-linux-x86_64, r-release-macos-arm64, r-release-macos-x86_64, r-release-windows-x86_64, r-oldrel-macos-arm64, r-oldrel-macos-x86_64, r-oldrel-windows-ix86+x86_64