Last updated on 2022-04-24 03:52:41 CEST.
Flavor | Version | Tinstall | Tcheck | Ttotal | Status | Flags |
---|---|---|---|---|---|---|
r-devel-linux-x86_64-debian-clang | 0.9.10 | 8.89 | 125.27 | 134.16 | OK | |
r-devel-linux-x86_64-debian-gcc | 0.9.10 | 6.76 | 95.05 | 101.81 | OK | |
r-devel-linux-x86_64-fedora-clang | 0.9.10 | 161.59 | NOTE | |||
r-devel-linux-x86_64-fedora-gcc | 0.9.10 | 154.66 | NOTE | |||
r-patched-linux-x86_64 | 0.9.10 | 10.02 | 121.52 | 131.54 | OK | |
r-release-linux-x86_64 | 0.9.10 | 5.61 | 117.65 | 123.26 | OK | |
r-release-macos-arm64 | 0.9.10 | NOTE | ||||
r-release-macos-x86_64 | 0.9.10 | NOTE | ||||
r-release-windows-x86_64 | 0.9.10 | 37.00 | 177.00 | 214.00 | OK | |
r-oldrel-macos-arm64 | 0.9.10 | NOTE | ||||
r-oldrel-macos-x86_64 | 0.9.10 | NOTE | ||||
r-oldrel-windows-ix86+x86_64 | 0.9.10 | 19.00 | 145.00 | 164.00 | OK |
Version: 0.9.10
Check: dependencies in R code
Result: NOTE
Namespaces in Imports field not imported from:
‘readr’ ‘rlang’ ‘tibble’
All declared Imports should be used.
Flavors: r-devel-linux-x86_64-fedora-clang, r-devel-linux-x86_64-fedora-gcc, r-release-macos-arm64, r-release-macos-x86_64, r-oldrel-macos-arm64, r-oldrel-macos-x86_64