Last updated on 2022-04-24 03:52:41 CEST.
Flavor | Version | Tinstall | Tcheck | Ttotal | Status | Flags |
---|---|---|---|---|---|---|
r-devel-linux-x86_64-debian-clang | 1.4.0 | 11.07 | 99.27 | 110.34 | NOTE | |
r-devel-linux-x86_64-debian-gcc | 1.4.0 | 8.52 | 76.24 | 84.76 | NOTE | |
r-devel-linux-x86_64-fedora-clang | 1.4.0 | 129.49 | NOTE | |||
r-devel-linux-x86_64-fedora-gcc | 1.4.0 | 123.34 | NOTE | |||
r-patched-linux-x86_64 | 1.4.0 | 8.88 | 94.11 | 102.99 | NOTE | |
r-release-linux-x86_64 | 1.4.0 | 9.20 | 89.61 | 98.81 | NOTE | |
r-release-macos-arm64 | 1.4.0 | NOTE | ||||
r-release-macos-x86_64 | 1.4.0 | NOTE | ||||
r-release-windows-x86_64 | 1.4.0 | 28.00 | 120.00 | 148.00 | NOTE | |
r-oldrel-macos-arm64 | 1.4.0 | NOTE | ||||
r-oldrel-macos-x86_64 | 1.4.0 | NOTE | ||||
r-oldrel-windows-ix86+x86_64 | 1.4.0 | 22.00 | 112.00 | 134.00 | NOTE |
Version: 1.4.0
Check: LazyData
Result: NOTE
'LazyData' is specified without a 'data' directory
Flavors: r-devel-linux-x86_64-debian-clang, r-devel-linux-x86_64-debian-gcc, r-devel-linux-x86_64-fedora-clang, r-devel-linux-x86_64-fedora-gcc, r-patched-linux-x86_64, r-release-linux-x86_64, r-release-macos-arm64, r-release-macos-x86_64, r-release-windows-x86_64, r-oldrel-macos-arm64, r-oldrel-macos-x86_64, r-oldrel-windows-ix86+x86_64