Last updated on 2022-04-24 03:52:41 CEST.
Flavor | Version | Tinstall | Tcheck | Ttotal | Status | Flags |
---|---|---|---|---|---|---|
r-devel-linux-x86_64-debian-clang | 1.0.0 | 21.78 | 216.07 | 237.85 | NOTE | |
r-devel-linux-x86_64-debian-gcc | 1.0.0 | 17.44 | 160.28 | 177.72 | NOTE | |
r-devel-linux-x86_64-fedora-clang | 1.0.0 | 287.74 | NOTE | |||
r-devel-linux-x86_64-fedora-gcc | 1.0.0 | 272.18 | NOTE | |||
r-patched-linux-x86_64 | 1.0.0 | 13.72 | 199.86 | 213.58 | NOTE | |
r-release-linux-x86_64 | 1.0.0 | 18.04 | 184.58 | 202.62 | NOTE | |
r-release-macos-arm64 | 1.0.0 | ERROR | ||||
r-release-macos-x86_64 | 1.0.0 | ERROR | ||||
r-release-windows-x86_64 | 1.0.0 | 24.00 | 211.00 | 235.00 | NOTE | |
r-oldrel-macos-arm64 | 1.0.0 | ERROR | ||||
r-oldrel-macos-x86_64 | 1.0.0 | ERROR | ||||
r-oldrel-windows-ix86+x86_64 | 1.0.0 | 43.00 | 213.00 | 256.00 | NOTE |
Version: 1.0.0
Check: LazyData
Result: NOTE
'LazyData' is specified without a 'data' directory
Flavors: r-devel-linux-x86_64-debian-clang, r-devel-linux-x86_64-debian-gcc, r-devel-linux-x86_64-fedora-clang, r-devel-linux-x86_64-fedora-gcc, r-patched-linux-x86_64, r-release-linux-x86_64, r-release-windows-x86_64, r-oldrel-windows-ix86+x86_64
Version: 1.0.0
Check: package dependencies
Result: ERROR
Package required but not available: ‘coRdon’
See section ‘The DESCRIPTION file’ in the ‘Writing R Extensions’
manual.
Flavors: r-release-macos-arm64, r-release-macos-x86_64, r-oldrel-macos-arm64, r-oldrel-macos-x86_64